 0. Calculate the remainder when 365 is divided by z.
32
Suppose 11 = 2*r + 111. Let b = -28 - r. Suppose 192*l - 208*l = -1392. Calculate the remainder when l is divided by b.
21
Suppose -2*i + 0*h = -2*h + 4, -i + 3*h = -2. Calculate the remainder when 4 + -1 + 0/i is divided by 2.
1
Let m = -199 - -695. Calculate the remainder when (-3)/2 + m/32 is divided by 4.
2
Let o(q) = 2*q**2 - 9*q + 5. What is the remainder when 63 is divided by o(5)?
3
Suppose 212 = -4*b - o, -4*b - 120 = -5*o + 92. Let v = b + 57. What is the remainder when 25 is divided by v?
1
Suppose 2*w - 3*k + 112 = w, 5*w = -5*k - 460. Let a = 103 + w. What is the remainder when 20 is divided by a?
2
Suppose 4*m + 17 = -15. Let n = m - -12. Suppose -n*r - 257 = -3*z, z - r + 0*r - 86 = 0. Calculate the remainder when z is divided by 15.
12
Let m = -78 + 88. Let a(h) be the third derivative of -h**4/4 + h**3/2 - 4*h**2. What is the remainder when a(-4) is divided by m?
7
Suppose 0 = 3*k - k + 176. Let i(u) = 11*u - 5. What is the remainder when i(3) is divided by k/(-6) + (-2)/(-6)?
13
Suppose 13*c - 11 + 336 = 0. Suppose -2*x - 3*x + 195 = 0. Let l = c + x. What is the remainder when 52 is divided by l?
10
Suppose -3*l + 8*l = -2*z + 64, 0 = -5*l + 20. What is the remainder when 460 is divided by z?
20
Let t(q) = q**3 + 2*q**2 - 2*q - 1. Let p be t(-2). Suppose 0 = -4*g + 4*f + 60, 3*g - p*f - 47 = -2*f. What is the remainder when 30 is divided by g?
14
Let q(m) = 18*m + 404. What is the remainder when 321 is divided by q(-21)?
9
Let d(c) = -4*c**3 - 3*c**2 - 4*c. Suppose 0 = 3*s - j - j + 3, -3*j - 9 = 0. What is the remainder when d(-3) is divided by (19 + 3 + -4)/(s/(-4))?
21
Let n(i) = 20*i**2 + 17*i - 2. What is the remainder when 446 is divided by n(2)?
110
Let y = -28 + -6. Let a = -14 - y. Calculate the remainder when 78 is divided by a.
18
Suppose n - 1 = -16. Let r(s) = -6*s - 19. What is the remainder when r(n) is divided by 15?
11
Suppose 5*w + d - 13 = 0, 7*w - 3*w - 14 = d. Calculate the remainder when ((-64)/(-56))/((-4)/(-14)) is divided by w.
1
Suppose 3*a + 44 = 122. Let t = -55 + 128. Calculate the remainder when t is divided by a.
21
Let x(w) = w**3 - 15*w**2 + 13*w + 14. Let k be x(14). Suppose k = 3*q - 68 + 26. Calculate the remainder when 68 is divided by q.
12
Let h = -51 + 95. Calculate the remainder when 81 is divided by h.
37
Suppose 2*q - 179 = 369. Let f = -52 - -107. Calculate the remainder when q is divided by f.
54
Let g(k) be the second derivative of 13*k**4/12 - k**3/3 + k**2 - 12*k. Calculate the remainder when 22 is divided by g(1).
9
Let b(u) = u**2 + u. Let a be 0/((-5)/((-15)/(-6))). Suppose -4*d + a*d + 4 = 0. What is the remainder when 3 is divided by b(d)?
1
Suppose 10 + 30 = -5*i. Let l(s) = -6*s + 3. Calculate the remainder when l(i) is divided by 9.
6
Let i be (0 + -15)/1*8/(-10). Calculate the remainder when (-28)/(-168) - ((-1246)/i - -1) is divided by 26.
25
Suppose 25 = -5*x, 4*z + 4*x - 21 - 7 = 0. Let g(q) = -4*q - 1. Calculate the remainder when g(-6) is divided by z.
11
Suppose -2*f - 5 - 17 = -5*l, 3*l - 14 = f. Suppose -4*z + 3*z - 13 = -5*y, 0 = 3*y - l. What is the remainder when 55 is divided by 114/9*z/(-2)?
17
Let o = 1083 + -1027. Calculate the remainder when 613 is divided by o.
53
Suppose -2*r + 53 + 1341 = 4*n, -3*n = -5*r - 1026. Calculate the remainder when n is divided by 121.
105
Suppose -1 - 1 = -g. Calculate the remainder when 2/(-4 + 36/8) is divided by (4/(-12))/(g/(-18)).
1
Let w = 652 - 609. Calculate the remainder when (-16)/(-24)*3*41 is divided by w.
39
Let n(f) = 2*f**3 - 4*f**2 - 20*f + 104. What is the remainder when n(5) is divided by 23?
16
Suppose -12*q - 460 = -35*q. What is the remainder when 27 is divided by q?
7
Calculate the remainder when 0 - (-281)/4 - (-30)/(-120) is divided by 53.
17
Let d(f) = -f + 24. Let u = -49 + 47. Calculate the remainder when 49 is divided by d(u).
23
Calculate the remainder when (-4)/(-6) + (-542)/(-6) is divided by 3 - -28 - (-3)/(-9)*0.
29
Suppose 84 = -2*l + 5*l. Let w = 25 + -52. Let a = w + 37. What is the remainder when l is divided by a?
8
Let d(t) = 2*t + 20. Calculate the remainder when d(14) is divided by 7.
6
Let p = -938 - -986. Calculate the remainder when p is divided by 10.
8
Suppose 0 = -y + 4*i + 77, 5*y = -0*y - 5*i + 460. Let w = -14 + -24. Let n = w + y. What is the remainder when n is divided by 18?
15
Let r(t) = 4*t**2 + 21*t**2 + 4*t**2 + 3*t - 1 - 6*t**2. Calculate the remainder when r(1) is divided by 4.
1
Suppose 2*v + 16 = 5*h, -4*h + 10 = -3*v - 0*v. Let y = -14 + 20. What is the remainder when y is divided by v?
0
Let s(x) = 66*x**2 - 2*x - 9. What is the remainder when s(-3) is divided by 54?
51
Let y be 2/(-6)*(4 - 19). Suppose -2*q + 2 = 3*g - 7*q, 5*g + 5*q - 70 = 0. What is the remainder when g is divided by (-9)/y*20/(-6)?
3
Suppose 3*h - 27 = 54. Calculate the remainder when 75 is divided by h.
21
Let f(b) = b**2 - 4*b - 7. Let y be f(6). Suppose -5 = -h + 5*x, 0*h - h + 55 = y*x. What is the remainder when (-19)/((-190)/(-100)) + 67 is divided by h?
27
Let q be 72/30 - (-2)/(-5). Calculate the remainder when 63 is divided by 2*(4 + (9 - q)).
19
Suppose 2*v - 491 = -0*k - k, -3*v + 2*k + 733 = 0. Suppose 46*d = 41*d + v. Let h = d - 32. Calculate the remainder when 49 is divided by h.
15
Suppose 0 = 51*t - 57*t + 174. Calculate the remainder when t is divided by 8.
5
Suppose 0*v - 15 = -5*v. Suppose z + 4 = -5*c - 8, 0 = -5*z + v*c + 52. Let g = 28 + 2. Calculate the remainder when g is divided by z.
6
Let g(l) = 4*l**2 + 11*l - 14. Calculate the remainder when 117 is divided by g(-5).
24
Let m(o) = 2 + 5*o + 4 - 4*o. What is the remainder when (-2)/(-4)*34*4 is divided by m(17)?
22
Let w(f) = f**3 + 5*f**2 - 6*f + 4. Let k be w(-6). Let j be 422/22 + k/(-22). Suppose 42 = 22*b - j*b. What is the remainder when 40 is divided by b?
12
Let w = -368 - -488. What is the remainder when w is divided by 33?
21
Let z = -66 - -75. Suppose 9 = -o + 11. Calculate the remainder when z is divided by o.
1
Let u = -13 + 21. Let c(y) = y**2 - 8*y + 16. Let f be c(6). Suppose -29 = -f*p + 63. Calculate the remainder when p is divided by u.
7
Suppose 0 = -2*i - b, -5*i + 2*b - 5*b = -1. What is the remainder when 131 is divided by 2 - 3*14*i?
43
Suppose 3*x = -p - 1 - 1, 5*p - x = 6. Suppose 3 + p = 2*a. Suppose 5*z - 29 = -a*i, 0 = i + 3*i - 2*z - 118. Calculate the remainder when i is divided by 14.
13
Suppose 5*c + 3*u - 90 = 0, 3*c - 4*u - 4 = 79. Let f = 24 + c. What is the remainder when f is divided by (-34)/(-6)*3 + (-3 - 2)?
9
What is the remainder when (21/5)/((-3)/(-15)) is divided by 2 - 27/((-108)/8)?
1
Let i(o) = -101*o**3 - 3*o**2 - 5*o - 3. Calculate the remainder when i(-1) is divided by 16.
4
Let c be 6/8*(-44)/(-11). Let t = -27 - -41. Calculate the remainder when 1/c - 1464/(-36) is divided by t.
13
Let g(h) = h**2 + h - 3. Suppose -5*j - q = -6*q - 420, 364 = 4*j + 3*q. Calculate the remainder when g(-6) is divided by (15/4)/(33/j).
7
Suppose -v - 45 = -4*v. Let s = v + 8. Let g(j) = 2*j**2 - 3*j - 2. Calculate the remainder when s is divided by g(-2).
11
Let o be 3/(-3*(-2)/8). Suppose -2*g + o = 2*d, 3*g + 29 = d + d. Suppose d*q - 54 = 65. Calculate the remainder when 48 is divided by q.
14
Let g(z) = -2*z**3 + 27*z**2 - 13*z + 19. Calculate the remainder when g(13) is divided by 8.
3
Suppose -3*c - 2*k + 3*k = -224, 5*c = 5*k + 360. Let l(v) = -5*v + 1. Calculate the remainder when c is divided by l(-5).
24
Suppose 4*o + 2*m = 4 + 12, -3*o + m = -2. Suppose t + o*t - 196 = -5*i, -182 = -5*i + 4*t. What is the remainder when i is divided by (-6)/(-4)*120/9?
18
Let c = 1629 + -654. What is the remainder when c is divided by 8?
7
Suppose -2*a - 88 - 6 = 0. Let l = a + 71. What is the remainder when l is divided by 7?
3
Let o = -119 - -71. Let b = 73 + o. What is the remainder when 74 is divided by b?
24
Let k = 20 - 26. Let h be (k/(-4))/((-3)/(-4)). Suppose -2*f + f - 16 = -2*u, -f + 24 = h*u. Calculate the remainder when 37 is divided by u.
7
Suppose -3*a - q = -1 - 0, 3*a = -3*q - 9. Calculate the remainder when 76 is divided by 111/3 + 4/a.
37
Suppose -2*h + 3*w = -346, -5*w = -5*h - 0*h + 860. Calculate the rem